a**2. Let p(n) = n**2 - n + 2. Let y(h) = -d(h) + 4*p(h). Let q(s) = 3*s**2 + s - 1. Let k be q(1). Calculate y(k).
-10
Suppose -2 = 2*i + b - 1, -i = 5*b + 23. Let h(u) = -u**2 + 1 - 22*u**3 + 21*u**3 + u**2 - 3*u**i + 2*u. Calculate h(-4).
9
Let i(s) = 16*s - 598 - s**3 - 15*s**2 - 590 + 1193. Give i(-16).
5
Let f(r) = -2*r**2 + 36*r + 44. Suppose b - 41 = -2*u, -8*u + 3*b = -6*u - 29. Determine f(u).
6
Let l = -27 + 30. Let w(q) = 1 + 3*q - l + 1 + 2. Calculate w(1).
4
Let z(n) = 16*n**2 - 20*n - 31. Let d(m) = -7*m**2 + 10*m + 16. Let x(k) = -9*d(k) - 4*z(k). Give x(-10).
-20
Let t(d) = 14 - 253*d + 67*d + 58*d + 66*d + 65*d. Give t(-6).
-4
Let c(q) = -q**3 + 11*q**2 - 11*q + 2. Let s(m) = 4*m + 182. Let d be s(-43). Determine c(d).
-8
Let d(y) = -6*y - 2. Let a be d(-2). Let p = 13 - a. Let h(l) = -4 + 4*l - l**2 + 2*l + 5 + p. What is h(5)?
9
Let g(q) = 3*q - 1. Let y(f) = -13*f + 6. Let d(p) = -4*g(p) - y(p). Give d(3).
1
Let t be (-4 + 16)/4*(-2 + -1). Let n(p) = -2*p - 6. Give n(t).
12
Let q(f) = -14*f - 277. Let g be q(-20). Let l(o) = 2*o**2 - 7. What is l(g)?
11
Let s be (24 + -22)*(-3)/2. Let l(n) = 2*n**2 + 2*n + 3. What is l(s)?
15
Let f(c) = -c**3 + 8*c**2 - 3. Let z(w) = -w**3 + 9*w**2 + w - 1. Let v(u) = 3*f(u) - 2*z(u). Give v(4).
17
Let d(k) = -2*k + 5. Let i be (-1)/(0 + -1) - 517/47. What is d(i)?
25
Let k = -1 - 2. Let t(b) be the third derivative of b**5/60 - b**4/24 - b**3/2 + 70*b**2. What is t(k)?
9
Let u(a) = -a**3 + 2*a + 1. Let q = 166 - 168. Determine u(q).
5
Let y(c) = c**2 - 12. Let n be y(-5). Let u(l) = l**3 + n + 9 - 5*l - 4*l**2 - 25. Determine u(5).
-3
Let s be 71/71*5/(-5). Let m be (-7 - -3)/(2*-1). Let w(d) = 9*d**2 - m*d - 1 + 0*d + d. Determine w(s).
9
Let t(x) be the third derivative of x**7/840 + x**6/60 + x**5/40 + 7*x**4/24 + 25*x**3/6 - 20*x**2. Let m(r) be the first derivative of t(r). Give m(-6).
-11
Let k be (675/405)/(10/6). Let t(s) = -8*s**3 - 2*s + 1. Calculate t(k).
-9
Let a(n) be the second derivative of -n**5/20 - 7*n**4/12 - 2*n**3/3 + 7*n**2/2 + 6*n. Let u be a(-6). Let q(l) = -l**3 - 6*l**2 - 6*l + 4. Determine q(u).
9
Let o(t) = t**2 + 3*t - 48. Let i be o(6). Let n(k) = k + 1 - 3 + 1. Calculate n(i).
5
Let u(g) be the second derivative of g**5/60 + 5*g**4/24 + g**3/3 - 17*g**2/2 - 17*g. Let p(a) be the first derivative of u(a). What is p(-3)?
-4
Let d(o) = 4*o**2 - o. Let k = 89 + -90. Determine d(k).
5
Let t(a) = -5*a + 4. Let u(l) = -3*l + 1. Let v(s) = -t(s) + 5*u(s). Calculate v(-1).
11
Let x(o) be the second derivative of o**6/360 - 7*o**5/120 + o**4/12 + 4*o**3/3 - 5*o. Let v(z) be the second derivative of x(z). Determine v(5).
-8
Let t(n) = -2*n + 1. Let x = 13 - 8. Let m(l) = 18*l + 271. Let a be m(-15). Suppose 0 = q - x*p + 17, -3*p + a = 3*q - 2. Determine t(q).
5
Let q = 20 - 6. Let c(p) = -p + 0*p - 4 + q. Let n be c(5). Let u(s) = s**3 - 4*s**2 - 3*s - 4. Calculate u(n).
6
Let c(i) be the third derivative of i**6/120 - i**5/12 + i**4/24 - i**3/6 - i**2 + 65*i. Give c(5).
4
Let w(a) = 2*a. Let n be w(-5). Let f = -3 + 14. Let p = f + n. Let k(h) = -7*h**3 - h. Determine k(p).
-8
Let b(k) = 5*k**2 + 2*k - 2. Let t be b(1). Let v(h) = h - 2. Let p be v(4). Let y(c) = 5 + 3*c + 0*c - 3*c**2 - 5*c**2 + p*c**2 + c**3. Determine y(t).
-5
Let c(d) = -7*d**3 - d**2 - 3*d - 2. Let b(a) = -20*a**3 - 3*a**2 - 10*a - 7. Let y(m) = 2*b(m) - 7*c(m). Let h(v) = -v + 5. Let f be h(6). What is y(f)?
-9
Let t be 17/4 - (-8)/(-32). Let d(q) be the third derivative of q**6/120 - q**5/10 + q**4/6 - 2*q**3/3 + q**2 - 3*q. Determine d(t).
-20
Let p(o) be the first derivative of o**3/3 + 7*o**2 + 26*o + 458. Give p(-12).
2
Let j(l) = -5 + 3 - l - 2*l - 4*l**3 + 16*l**2 + 3*l**3 - 21*l**2. Give j(-5).
13
Let r(g) = 5*g**3 - g**2 - g. Let u be r(-1). Suppose 0 = -2*t - 0*t + 4. Let z(n) = n + t - 1 - 3 + 5. Calculate z(u).
-2
Let s = 25 + -37. Let h = s + 19. Let y(a) = a**2 - 6*a - 5. Determine y(h).
2
Let s be (-1)/(3/(5 - 2)). Let j(k) = 44*k**3 + 14*k**2 + 25*k - 11. Let q(v) = -15*v**3 - 5*v**2 - 9*v + 4. Let m(p) = -4*j(p) - 11*q(p). Give m(s).
11
Let h(r) be the third derivative of -23*r**2 + r**3 + 0 + 1/8*r**4 + 0*r. Let x = -20 + 14. Give h(x).
-12
Let a be 1 - ((-9)/(-3) + -7). Let o be 1 + -6 - (-6 + a). Let c(x) = 1 - 2 + x**2 - 2*x**2 - 4*x - 2. Calculate c(o).
-3
Let f be ((-6)/(-16))/(15/120). Suppose -f = -9*r + 12*r. Let p(i) = -6*i**3 - 2*i**2 - 2*i - 1. Give p(r).
5
Suppose -3*o + 24 = 3*t, -t = -2*o + o + 4. Let y(z) = -4*z + 6. Let r(h) = -5*h + 6. Let q(c) = 2*r(c) - 3*y(c). Determine q(o).
6
Let p = 53 - 51. Let o(n) = -3 + 0 + n**p - 7*n + 5 + 4*n. What is o(2)?
0
Let o(p) = p**3 - 10*p**2 + 9*p - 4. Let d = 48 + -39. Determine o(d).
-4
Let d(s) = -3*s**3 - 4*s**2 - 2*s + 1. Let u(x) = -11*x**3 - 12*x**2 - 6*x + 5. Let r(k) = 7*d(k) - 2*u(k). What is r(5)?
12
Let d(o) = -4*o**3 - 2*o**2. Suppose 6 = -5*j - 0*b + 2*b, j = -3*b - 8. Calculate d(j).
24
Let m(n) = -n + 4. Let s be m(4). Let f(b) = 2*b - 2. Let j(y) = -3*y + 5. Let o(z) = -2*f(z) - j(z). Calculate o(s).
-1
Let z(y) = -25*y + 96. Let k(m) = -9*m + 33. Let i(s) = -11*k(s) + 4*z(s). What is i(11)?
10
Let w(l) be the first derivative of 2*l**2 + 6*l + 535. Give w(-2).
-2
Let a(i) = 2*i - 25. Let d(r) = -4*r + 49. Let v(m) = 7*a(m) + 4*d(m). Determine v(9).
3
Let m(f) = f**2 - 101 - 91 + 199 + 5*f + 8*f + f. Calculate m(-12).
-17
Let a(k) = -k**2 - 5*k + 2. Let r be a(-5). Suppose -5*d + d = 2*c - 20, -4*d + 4 = 0. Let y(p) = -4 - p - 9*p + c*p + 3*p. What is y(r)?
-2
Let f(v) be the second derivative of v**4/12 + v**3 - 15*v**2/2 + 2*v - 8. What is f(-8)?
1
Let l(t) = -t**3 - 13*t**2 + 46*t - 42. Let j be l(-16). Let s(o) = o**3 + 11*o**2 + 10*o + 3. Give s(j).
3
Let h(d) = d**2 + 6*d - 35. Let x be h(-11). Suppose 4*o = -0*o + x. Let q(j) = j**3 - 6*j**2 + 3*j + 6. Give q(o).
-4
Let t(w) = -w**2 - 19*w + 6. Let o be t(-19). Let p(x) = -5*x**2 + 5*x**2 + 3*x - 5*x - x**3 + 7*x**2 - 7. What is p(o)?
17
Suppose 2*s = -2*n + 2, 5*s - 8 = -4*n - 7. Let k(r) = 12*r. Calculate k(s).
-36
Let d(b) = b - 1 + 3 - 1 + 9. Suppose 0 = 2*z - 3*z. What is d(z)?
10
Let o be (-16)/(-12)*(-6)/(-4). Suppose o*f + 1 + 13 = 0. Let m(j) = -j**2 - 6*j + 10. What is m(f)?
3
Let n = -228 - -238. Let d(k) = 3*k - 12. Determine d(n).
18
Let u(a) be the third derivative of -a**6/40 - a**5/30 - a**4/24 + a**3/6 + 72*a**2. Calculate u(-2).
19
Let z(c) = c + 8. Let i be z(7). Suppose 10*l + i = 5*l. Let s(f) = 3*f**2 + 3 + 5 + f**3 - 10. Give s(l).
-2
Let x(s) = 2*s + 7. Suppose p + 5*i + 5 = 4*i, -5*p = -i + 1. Let q be p + 15/10 + 26/(-4). What is x(q)?
-5
Let a(h) = h - 9. Let t(s) = 4*s**2 - 31*s - 15. Let c be t(8). Determine a(c).
-16
Let w(g) = -g + 6 - 3 - g + g**2. Let c be w(3). Let m(a) = 19*a + 1132. Let y(u) = 6*u + 348. Let p(j) = -4*m(j) + 13*y(j). What is p(c)?
8
Let u(i) = i - 57*i**3 - 45*i**3 + 101*i**3 + 8*i**2 - 4. Give u(8).
4
Let m = -10 - -16. Let p(u) = u**2 - 2*u**2 + 5*u**2 - 5*u**2 - 1 + 8*u. Give p(m).
11
Let s(g) = -g**3 + 5*g**2 + 6*g - 6. Let p be s(6). Let l(r) = -10*r**2 - 4*r. Let m(v) = -17*v**2 - 9*v + 1. Let t(z) = 5*l(z) - 3*m(z). Calculate t(p).
-9
Let c(o) = -o**2 - 4*o - 3. Suppose -3*m - 9 = 3. Suppose -2*z + 5 = 5*r, 3*r + 2*r + z - 10 = 0. Let l be (m + 1 - r) + 2. What is c(l)?
-3
Let c(i) = i**2 - 14*i + 26. Let a be c(12). Let w(j) = -j - 677*j**3 + 676*j**3 - j - 4*j**a + 1. Let s = 3 - 6. Calculate w(s).
-2
Let d = 1553 + -1554. Let s(f) = 20*f + 9. Calculate s(d).
-11
Let i be 3 + (6 - 5)/(-1) - -6. Let p(g) = -g**3 + 7*g**2 + 7*g - 4. Determine p(i).
-12
Suppose 5*w + 8 - 18 = 0. Let n(g) be the first derivative of -g - 1/2*g**w - 1 - 5/3*g**3. Give n(-1).
-5
Let s be 39/6 - 1/2. Suppose s*p = -0*p + 42. Let i(f) = 6*f**2 + p*f - f**3 + 2 - 5 + 5 + 3. What is i(7)?
5
Let f be ((-2)/5 - 1144/(-110)) + -5. Let j(y) = -3*y**2 + 13*y - 1. Calculate j(f).
-11
Let m(a) = 3*a - 1. Suppose 5*k = 61 - 16. Suppose 4*o = -c - 27, -3*c - 22 - k = 2*o. Let v = -5 - c. Give m(v).
5
Let w(h) = h**2 + 13*h - 65. Let x be w(-17). Let o(n) = -5*n - 2. Calculate o(x).
-17
Let m(v) be the first derivative of v**5/120 - v**4/6 + 2*v**3/3 + 1. Let p(i) be the third derivative of m(i). Let k = 7 - 3. What is 